 = -19 - -34. Let q = -3 + n. Calculate the highest common factor of q and 30.
6
Suppose 7*m - 1070 = 2395. What is the highest common divisor of m and 45?
45
Let z = -19 + 33. Suppose 0*c = -5*s - 4*c + 28, 3*c = -4*s + 22. Suppose 4*b - 196 = 2*b - g, -5*b - s*g = -490. What is the highest common factor of b and z?
14
Let d = 44 - 22. Let v(o) = -15*o - 5. Let m be v(-4). What is the greatest common divisor of m and d?
11
Let j be (-2)/(-3) - 2/6*-22. Let c(y) = -y + 1. Let b be c(-3). What is the greatest common divisor of b and j?
4
Suppose -4*n = -2*o + o + 24, -3*n + 72 = 3*o. Calculate the greatest common factor of o and 3.
3
Suppose -1 = 3*q - 7. Suppose 4 = w - q. Calculate the greatest common divisor of w and 42.
6
Let r be (-80)/4*-1*1. Suppose 85 = 5*l + r. Let m be (-22)/((-3)/(-39)*-2). Calculate the greatest common divisor of m and l.
13
Suppose h + 5*a = -h + 37, 127 = 5*h + a. Let n be (3 - 2036/(-16)) + 3/(-12). Calculate the greatest common divisor of h and n.
26
Let y = -1 + 1. Suppose y = -11*r + 6*r + 55. Calculate the highest common divisor of r and 11.
11
Let h(p) = 5*p - 4 + 5 + 0*p + 13*p. Let u be h(3). Calculate the highest common divisor of 22 and u.
11
Let m = -14 - -22. Suppose 5*v - v = -3*l + 4, 0 = -4*v - l + 4. Calculate the greatest common divisor of m and v.
1
Let q(x) = 13*x - 4. Let c be q(-8). Let b be (-4 - -5) + c/(-2). What is the greatest common divisor of b and 22?
11
Suppose -f + 24 = -8. Suppose f + 128 = 4*t. Let g = 28 + -18. Calculate the highest common factor of t and g.
10
Let u be 21/4 - (-1)/(-4). Suppose -5*y = 4*r - 20 - 6, u*r = 3*y + 14. Let f be y + (2 - 2) - -7. Calculate the highest common factor of 45 and f.
9
Let l be 2 + -4 + 9 - 1. Let y be 22*((-9)/l - -2). Calculate the greatest common factor of y and 55.
11
Suppose -6*c + c = 3*v - 143, 2*c + 234 = 4*v. What is the greatest common divisor of v and 14?
14
Let y(z) = 5*z**2 - 3*z - 5. Let k be y(-5). What is the greatest common factor of k and 27?
27
Let d(l) = 19*l - 2. Let t be d(2). Calculate the highest common factor of 24 and t.
12
Let f(p) = 9*p. Let n be f(4). Calculate the highest common divisor of n and 9.
9
Let a = -6 + 5. Let m be (a - 0)/(4/(-140)). Suppose z - 7 = m. Calculate the greatest common factor of z and 6.
6
Suppose -750 = -10*d + 5*d. What is the greatest common factor of 15 and d?
15
Let q(m) be the second derivative of -5*m**3/6 - m**2/2 + 8*m. Let k be q(-10). What is the greatest common divisor of 7 and k?
7
Let z(h) = h**2 - 2*h + 26. Let g be z(0). What is the highest common divisor of g and 117?
13
Suppose 0*i + 15 = 5*i. Suppose -v + 3*c + c = 15, -4*v - i*c = -16. What is the greatest common divisor of v and 1?
1
Suppose -3*j = -459 - 228. Let r = -108 + j. Calculate the greatest common factor of r and 11.
11
Let v(s) = -3*s - 3*s - 5*s - 2. Let z be v(-4). Calculate the highest common factor of z and 28.
14
Let s be (-2)/(-8) + 735/20 + -5. Calculate the highest common divisor of 80 and s.
16
Let g(q) = -q**3 + 13*q**2 + 14*q - 8. Let w be g(14). Let v be ((-4)/w)/(2/4). Calculate the highest common divisor of 9 and v.
1
Suppose -8 = 3*g + 37. Let n be ((-8)/12)/(1/g). Suppose 7*d = 2*d + 250. What is the greatest common divisor of d and n?
10
Let a(i) = -i**2 - 5*i - 2. Let l be a(-4). Suppose -2 = m, -7*g + 3*g - l*m = -192. Suppose r - 6 = g. What is the greatest common divisor of r and 11?
11
Suppose f + f - 5*l - 41 = 0, -88 = -5*f - 2*l. Let n(v) = 3*v + 5. Let t be n(8). Let a = 56 - t. Calculate the highest common factor of f and a.
9
Let b be (1/(15/18))/((-19)/(-570)). Let g be (6 - 1 - 2)*3. What is the greatest common divisor of b and g?
9
Suppose 3*b - 70 = 2*z, 4*b + 3*z = -0*z + 65. Suppose -5*x = -x - 3*l - 25, 0 = -2*x - l + 25. What is the highest common divisor of b and x?
10
Suppose -3*a + 5 = -1. Calculate the highest common divisor of 16 and a.
2
Let u(w) = w + 17. Let a be (-1)/(-2)*(-1 + 1). Let h be u(a). Suppose -12 + 3 = -3*b - 5*x, -b + 3*x = -h. Calculate the highest common divisor of 16 and b.
8
Let i(y) = 95*y**2 - 2*y - 1. Suppose 4*q = -5*h - 25, -4*h + q - 19 = 4*q. Let d be i(h). Calculate the greatest common factor of d and 12.
12
Let p be 24/2*(-8)/(-12). Let n be (9/(-4))/((-1)/p). Let o(r) = -r**2 + r + 27. Let t be o(0). What is the highest common divisor of n and t?
9
Let s(k) = -k**3 + 10*k**2 - 8*k + 8. Let t be s(6). Calculate the greatest common factor of 26 and t.
26
Let o(m) be the first derivative of -m**3/3 - m**2/2 + 5*m - 2. Let i be o(0). Suppose -i = 3*x - 17. What is the greatest common divisor of x and 32?
4
Suppose -11 = -2*r + 17. Let d be (-9)/(-2)*18/27. Suppose -2*z = b + 3*b, -d*z + 3*b = -9. Calculate the highest common divisor of r and z.
2
Let o(j) = j**2 - 3*j - 6. Let c be o(5). Calculate the greatest common divisor of 44 and c.
4
Let u = 11 + -7. Suppose -240 = -8*o + u*o. Calculate the highest common factor of 40 and o.
20
Suppose 0 = -5*b + 3*h + 5, 0 = -2*b + 4*h - 14 + 2. What is the greatest common factor of 44 and b?
4
Let k be (0/(9/3))/(-2). Suppose -2*i - i + 3 = k. Calculate the greatest common factor of i and 9.
1
Suppose 0 = -x - 2*m + 32, m = 2*x - 73 - 11. Calculate the greatest common factor of 100 and x.
20
Suppose 6*o + 11 = -n + 2*o, 0 = -4*n + 3*o + 51. Let i be ((-17)/(-4))/((-3)/(-12)). Let c = -8 + i. Calculate the highest common factor of c and n.
9
Let b(t) = -t**2 - 5*t + 2. Let j be b(-3). What is the greatest common factor of j and 8?
8
Suppose 1 = o + 3*s - 2, 51 = 5*o + 3*s. What is the highest common factor of o and 84?
12
Let d be (-27)/(-12) + 3/4. Let y(a) = 0*a + 6*a - d*a. Let w be y(4). What is the greatest common divisor of w and 96?
12
Let b(q) = -5*q - 22. Let y be b(-7). Suppose 0*w - w - 3*p + 102 = 0, 5*w + p - 580 = 0. What is the greatest common factor of y and w?
13
Suppose -i + 23 = 3*x, 6*x - x = i - 15. What is the highest common factor of i and 8?
4
Let g = 76 - 10. Let h = -47 + g. Suppose -3*n + 11 + h = 0. What is the greatest common factor of 20 and n?
10
Let g(y) = 2*y + 18. Let l be g(-12). Let k be (-20)/l*(-15)/(-10). Let v be 51/9 - (-2)/(-3). What is the highest common divisor of k and v?
5
Let w be 22 - -2*(-2)/2. What is the highest common divisor of w and 4?
4
Suppose -20 = -5*c, 5*f - c - 128 - 43 = 0. Calculate the highest common divisor of 140 and f.
35
Let b be (-2 - 1) + (136 - 0). Calculate the highest common divisor of 19 and b.
19
Let c(t) = 7*t - 130. Let d(q) = -3*q + 65. Let s(n) = 2*c(n) + 5*d(n). Suppose -2*k - 2*k = 0. Let g be s(k). Calculate the highest common factor of g and 26.
13
Let u be 2*(-1)/((-2)/11). What is the greatest common factor of u and 11?
11
Suppose 3*p - 62 + 245 = 4*h, 0 = 5*h + p - 243. What is the highest common divisor of 12 and h?
12
Let z = -16 - -20. What is the highest common divisor of 4 and z?
4
Suppose w - 3*h = -3*w + 31, -17 = -2*w + h. Calculate the greatest common divisor of 1 and w.
1
Let j(v) = -2*v - 12 + 2*v**2 - v**2 + 3. Let m be j(6). Calculate the highest common divisor of 15 and m.
15
Let b(n) = -3*n + 2*n - 4 + 3 - 4*n. Suppose 4*g + c = -3, -g + 0*c = -4*c + 5. Let p be b(g). What is the greatest common divisor of p and 10?
2
Let p(s) = 9*s - 1. Let o be p(2). Let g = 19 + o. Suppose 3*a - 4*c - 28 = 0, 5*a = -0*c - 5*c. Calculate the highest common divisor of g and a.
4
Let g = 46 + -22. Let j(f) = f**3 - 6*f**2 - f + 8. Let t be j(6). Let q be 72*(2/2)/t. What is the highest common factor of g and q?
12
Let p = 18 - 8. Suppose 40 = 2*w + 2*w. Calculate the highest common factor of w and p.
10
Let o = -50 + 78. Suppose 4*n + 92 + 108 = 0. Let c = -36 - n. What is the greatest common factor of c and o?
14
Suppose 0 = -b - 0*b + 188. Let a = b + -76. Calculate the highest common divisor of a and 14.
14
Let c = -3 - -6. Suppose -3*l = -5*k + 2, 0*k + c*k = 3*l - 6. Let x = -75 + 141. What is the greatest common factor of l and x?
6
Suppose -18 = 5*b - 2*b. Let w be b/(-27) + (-124)/(-9). Suppose -3*q - 9 - 30 = -2*y, 41 = 2*y - q. Calculate the greatest common factor of y and w.
7
Suppose -19*c + 12*c + 476 = 0. Calculate the highest common factor of c and 4.
4
Suppose d + 63 = 4*d. Let r be 0/(0 + -3 - -1)